{"id":16,"date":"2023-08-06T11:45:50","date_gmt":"2023-08-06T09:45:50","guid":{"rendered":"https:\/\/destempspoursoi.com\/?page_id=16"},"modified":"2023-09-17T15:30:03","modified_gmt":"2023-09-17T13:30:03","slug":"blog","status":"publish","type":"page","link":"https:\/\/destempspoursoi.com\/index.php\/blog\/","title":{"rendered":"T\u00e9moignages"},"content":{"rendered":"\n<figure class=\"wp-block-gallery has-nested-images columns-default is-cropped wp-block-gallery-1 is-layout-flex\">\n<figure class=\"wp-block-image size-full\"><img decoding=\"async\" loading=\"lazy\" width=\"410\" height=\"123\" data-id=\"326\"  src=\"https:\/\/destempspoursoi.com\/wp-content\/uploads\/2023\/09\/telechargement.jpg\" alt=\"\" class=\"wp-image-326\" srcset=\"https:\/\/destempspoursoi.com\/wp-content\/uploads\/2023\/09\/telechargement.jpg 410w, https:\/\/destempspoursoi.com\/wp-content\/uploads\/2023\/09\/telechargement-300x90.jpg 300w, https:\/\/destempspoursoi.com\/wp-content\/uploads\/2023\/09\/telechargement-200x60.jpg 200w\" sizes=\"(max-width: 410px) 100vw, 410px\" \/><\/figure>\n<\/figure>\n\n\n\n<div class=\"wp-block-comments\"><h2 id=\"comments\" class=\"wp-block-comments-title\">3 r\u00e9ponses \u00e0 &#8220;T\u00e9moignages&#8221;<\/h2>\n\n<ol class=\"wp-block-comment-template\"><li id=\"comment-5\" class=\"comment even thread-even depth-1\">\n\n<div class=\"wp-block-columns is-layout-flex wp-container-6\">\n<div class=\"wp-block-column is-layout-flow\" style=\"flex-basis:40px\"><div class=\"wp-block-avatar\"><img alt='Avatar de Julien' src='https:\/\/secure.gravatar.com\/avatar\/58ce3b92fcffd65f81935e3f78408907?s=40&#038;d=mm&#038;r=g' srcset='https:\/\/secure.gravatar.com\/avatar\/58ce3b92fcffd65f81935e3f78408907?s=80&#038;d=mm&#038;r=g 2x' class='avatar avatar-40 photo wp-block-avatar__image ' height='40' width='40'  style=\"border-radius: 20px\" loading='lazy' decoding='async'\/><\/div><\/div>\n\n\n\n<div class=\"wp-block-column is-layout-flow\"><div class=\"wp-block-comment-author-name has-small-font-size\">Julien<\/div>\n\n\n<div class=\"wp-block-group is-layout-flex\" style=\"margin-top:0px;margin-bottom:0px\"><div class=\"wp-block-comment-date has-small-font-size\"><time datetime=\"2023-09-14T22:38:42+02:00\"><a href=\"https:\/\/destempspoursoi.com\/index.php\/blog\/#comment-5\">14 septembre 2023<\/a><\/time><\/div>\n\n<\/div>\n\n\n<div class=\"wp-block-comment-content\"><p>J&rsquo;\u00e9tais stress\u00e9 en arrivant mais la th\u00e9rapeute vous met imm\u00e9diatement \u00e0 l&rsquo;aise. Elle a une voix tr\u00e8s douce &amp; apaisante. L&rsquo;ambiance du cabinet est tr\u00e8s relaxante. Les soins r\u00e9alis\u00e9s sont effectu\u00e9s de mani\u00e8re tres professionnelle. J&rsquo;ai ressenti les effets b\u00e9n\u00e9fiques d\u00e8s le lendemain apr\u00e8s une bonne nuit de sommeil : super d\u00e9tendu, calme et beaucoup moins anxieux.<br \/>\nLa th\u00e9rapeute est tr\u00e8s \u00e0 l&rsquo;\u00e9coute des probl\u00e8mes et des difficult\u00e9s rencontr\u00e9es.<br \/>\nJe recommande viviement!<\/p>\n<\/div>\n\n<div class=\"wp-block-comment-reply-link has-small-font-size\"><a rel='nofollow' class='comment-reply-link' href='https:\/\/destempspoursoi.com\/index.php\/blog\/?replytocom=5#respond' data-commentid=\"5\" data-postid=\"16\" data-belowelement=\"comment-5\" data-respondelement=\"respond\" data-replyto=\"R\u00e9pondre \u00e0 Julien\" aria-label='R\u00e9pondre \u00e0 Julien'>R\u00e9pondre<\/a><\/div><\/div>\n<\/div>\n\n<ol><li id=\"comment-112\" class=\"comment odd alt depth-2\">\n\n<div class=\"wp-block-columns is-layout-flex wp-container-10\">\n<div class=\"wp-block-column is-layout-flow\" style=\"flex-basis:40px\"><div class=\"wp-block-avatar\"><img alt='Avatar de Madeleine' src='https:\/\/secure.gravatar.com\/avatar\/77fce54f3d98b58c5171e17dc5326cd1?s=40&#038;d=mm&#038;r=g' srcset='https:\/\/secure.gravatar.com\/avatar\/77fce54f3d98b58c5171e17dc5326cd1?s=80&#038;d=mm&#038;r=g 2x' class='avatar avatar-40 photo wp-block-avatar__image ' height='40' width='40'  style=\"border-radius: 20px\" loading='lazy' decoding='async'\/><\/div><\/div>\n\n\n\n<div class=\"wp-block-column is-layout-flow\"><div class=\"wp-block-comment-author-name has-small-font-size\">Madeleine<\/div>\n\n\n<div class=\"wp-block-group is-layout-flex\" style=\"margin-top:0px;margin-bottom:0px\"><div class=\"wp-block-comment-date has-small-font-size\"><time datetime=\"2024-01-15T17:00:04+01:00\"><a href=\"https:\/\/destempspoursoi.com\/index.php\/blog\/#comment-112\">15 janvier 2024<\/a><\/time><\/div>\n\n<\/div>\n\n\n<div class=\"wp-block-comment-content\"><p>Super accueil. On se sent tout de suite \u00e0 l&rsquo;aise. La th\u00e9rapeute est \u00e0 l&rsquo;\u00e9coute. Tout se fait dans la douceur. Les s\u00e9ances d&rsquo;hypnose sont super efficaces. Les objectifs sont vite atteints.<br \/>\nLes soins massages sont merveilleux.  \u00c7a change des massages des autres instituts o\u00f9 les massages sont superficiels. Elle va au fond des choses et est \u00e0 l&rsquo;\u00e9coute des probl\u00e8mes du corps. Elle passe plus de temps sur une zone si c&rsquo;est n\u00e9cessaire. Enfin ce que je cherchais! Top!<\/p>\n<\/div>\n\n<div class=\"wp-block-comment-reply-link has-small-font-size\"><a rel='nofollow' class='comment-reply-link' href='https:\/\/destempspoursoi.com\/index.php\/blog\/?replytocom=112#respond' data-commentid=\"112\" data-postid=\"16\" data-belowelement=\"comment-112\" data-respondelement=\"respond\" data-replyto=\"R\u00e9pondre \u00e0 Madeleine\" aria-label='R\u00e9pondre \u00e0 Madeleine'>R\u00e9pondre<\/a><\/div><\/div>\n<\/div>\n\n<\/li><\/ol><\/li><li id=\"comment-6\" class=\"comment byuser comment-author-destempspoursoi-com bypostauthor even thread-odd thread-alt depth-1\">\n\n<div class=\"wp-block-columns is-layout-flex wp-container-14\">\n<div class=\"wp-block-column is-layout-flow\" style=\"flex-basis:40px\"><div class=\"wp-block-avatar\"><img alt='Avatar de destempspoursoi.com' src='https:\/\/secure.gravatar.com\/avatar\/f786cfa9ffccc201f8829218099483f5?s=40&#038;d=mm&#038;r=g' srcset='https:\/\/secure.gravatar.com\/avatar\/f786cfa9ffccc201f8829218099483f5?s=80&#038;d=mm&#038;r=g 2x' class='avatar avatar-40 photo wp-block-avatar__image ' height='40' width='40'  style=\"border-radius: 20px\" loading='lazy' decoding='async'\/><\/div><\/div>\n\n\n\n<div class=\"wp-block-column is-layout-flow\"><div class=\"wp-block-comment-author-name has-small-font-size\"><a rel=\"external nofollow ugc\" href=\"http:\/\/destempspoursoi.com\" target=\"_self\" >destempspoursoi.com<\/a><\/div>\n\n\n<div class=\"wp-block-group is-layout-flex\" style=\"margin-top:0px;margin-bottom:0px\"><div class=\"wp-block-comment-date has-small-font-size\"><time datetime=\"2023-09-17T15:32:07+02:00\"><a href=\"https:\/\/destempspoursoi.com\/index.php\/blog\/#comment-6\">17 septembre 2023<\/a><\/time><\/div>\n\n<\/div>\n\n\n<div class=\"wp-block-comment-content\"><p>S\u00e9ance hypnose. Accueil chaleureux. La soigneuse nous met imm\u00e9diatement \u00e0 l\u2019aise. La s\u00e9ance a \u00e9t\u00e9 b\u00e9n\u00e9fique. On se sent en s\u00e9curit\u00e9 et apais\u00e9 durant et apr\u00e8s la s\u00e9ance. Je recommande.<br \/>\nT\u00e9moignage de Marie.<br \/>\nLe 13 septembre. 11h35. <\/p>\n<\/div>\n\n<div class=\"wp-block-comment-reply-link has-small-font-size\"><a rel='nofollow' class='comment-reply-link' href='https:\/\/destempspoursoi.com\/index.php\/blog\/?replytocom=6#respond' data-commentid=\"6\" data-postid=\"16\" data-belowelement=\"comment-6\" data-respondelement=\"respond\" data-replyto=\"R\u00e9pondre \u00e0 destempspoursoi.com\" aria-label='R\u00e9pondre \u00e0 destempspoursoi.com'>R\u00e9pondre<\/a><\/div><\/div>\n<\/div>\n\n<\/li><\/ol>\n\n\n\n\t<div id=\"respond\" class=\"comment-respond wp-block-post-comments-form\">\n\t\t<h3 id=\"reply-title\" class=\"comment-reply-title\"><span>Laisser un commentaire <small><a rel=\"nofollow\" id=\"cancel-comment-reply-link\" href=\"\/index.php\/wp-json\/wp\/v2\/pages\/16#respond\" style=\"display:none;\">Annuler la r\u00e9ponse<\/a><\/small><\/span><\/h3><form action=\"https:\/\/destempspoursoi.com\/wp-comments-post.php\" method=\"post\" id=\"commentform\" class=\"comment-form\"><p class=\"comment-notes\"><span id=\"email-notes\">Votre adresse e-mail ne sera pas publi\u00e9e.<\/span> <span class=\"required-field-message\">Les champs obligatoires sont indiqu\u00e9s avec <span class=\"required\">*<\/span><\/span><\/p><p class=\"comment-form-comment\"><label class=\"screen-reader-text\">Commentaire<\/label><textarea id=\"comment\" name=\"comment\" placeholder=\"Commentaire\" cols=\"45\" rows=\"8\" aria-required=\"true\"><\/textarea><\/p><p class=\"comment-form-author\"><label class=\"screen-reader-text\">Nom complet<\/label><input id=\"author\" name=\"author\" placeholder=\"Nom*\" type=\"text\" value=\"\" size=\"30\" aria-required='true' \/><\/p>\n<p class=\"comment-form-email\"><label class=\"screen-reader-text\">E-mail<\/label><input id=\"email\" name=\"email\" placeholder=\"E-mail*\" type=\"text\" value=\"\" size=\"30\" aria-required='true' \/><\/p>\n<p class=\"comment-form-url\"><label class=\"screen-reader-text\">Site web<\/label><input id=\"url\" name=\"url\" placeholder=\"Site web\" type=\"text\" value=\"\" size=\"30\" \/><\/p>\n<p class=\"comment-form-cookies-consent\"><input id=\"wp-comment-cookies-consent\" name=\"wp-comment-cookies-consent\" type=\"checkbox\" value=\"yes\" \/> <label for=\"wp-comment-cookies-consent\">Enregistrer mon nom, mon e-mail et mon site dans le navigateur pour mon prochain commentaire.<\/label><\/p>\n<p class=\"form-submit\"><input name=\"submit\" type=\"submit\" id=\"submit\" class=\"submit\" value=\"Laisser un commentaire\" \/> <input type='hidden' name='comment_post_ID' value='16' id='comment_post_ID' \/>\n<input type='hidden' name='comment_parent' id='comment_parent' value='0' \/>\n<\/p><p style=\"display: none !important;\"><label>&#916;<textarea name=\"ak_hp_textarea\" cols=\"45\" rows=\"8\" maxlength=\"100\"><\/textarea><\/label><input type=\"hidden\" id=\"ak_js_1\" name=\"ak_js\" value=\"110\"\/><script>document.getElementById( \"ak_js_1\" ).setAttribute( \"value\", ( new Date() ).getTime() );<\/script><\/p><\/form>\t<\/div><!-- #respond -->\n\t<\/div>\n\n\n\n<figure class=\"wp-block-gallery has-nested-images columns-default is-cropped wp-block-gallery-16 is-layout-flex\">\n<figure class=\"wp-block-image size-large\"><img decoding=\"async\" loading=\"lazy\" width=\"1024\" height=\"683\" data-id=\"329\"  src=\"https:\/\/destempspoursoi.com\/wp-content\/uploads\/2023\/09\/tisane-du-jardin-1-1024x683.jpg\" alt=\"\" class=\"wp-image-329\" srcset=\"https:\/\/destempspoursoi.com\/wp-content\/uploads\/2023\/09\/tisane-du-jardin-1-1024x683.jpg 1024w, https:\/\/destempspoursoi.com\/wp-content\/uploads\/2023\/09\/tisane-du-jardin-1-300x200.jpg 300w, https:\/\/destempspoursoi.com\/wp-content\/uploads\/2023\/09\/tisane-du-jardin-1-768x512.jpg 768w, https:\/\/destempspoursoi.com\/wp-content\/uploads\/2023\/09\/tisane-du-jardin-1-1536x1024.jpg 1536w, https:\/\/destempspoursoi.com\/wp-content\/uploads\/2023\/09\/tisane-du-jardin-1-2048x1366.jpg 2048w, https:\/\/destempspoursoi.com\/wp-content\/uploads\/2023\/09\/tisane-du-jardin-1-90x60.jpg 90w, https:\/\/destempspoursoi.com\/wp-content\/uploads\/2023\/09\/tisane-du-jardin-1-370x247.jpg 370w, https:\/\/destempspoursoi.com\/wp-content\/uploads\/2023\/09\/tisane-du-jardin-1-776x517.jpg 776w\" sizes=\"(max-width: 1024px) 100vw, 1024px\" \/><\/figure>\n<\/figure>\n","protected":false},"excerpt":{"rendered":"","protected":false},"author":1,"featured_media":0,"parent":0,"menu_order":0,"comment_status":"open","ping_status":"closed","template":"","meta":{"om_disable_all_campaigns":false,"_monsterinsights_skip_tracking":false,"_monsterinsights_sitenote_active":false,"_monsterinsights_sitenote_note":"","_monsterinsights_sitenote_category":0},"aioseo_notices":[],"_links":{"self":[{"href":"https:\/\/destempspoursoi.com\/index.php\/wp-json\/wp\/v2\/pages\/16"}],"collection":[{"href":"https:\/\/destempspoursoi.com\/index.php\/wp-json\/wp\/v2\/pages"}],"about":[{"href":"https:\/\/destempspoursoi.com\/index.php\/wp-json\/wp\/v2\/types\/page"}],"author":[{"embeddable":true,"href":"https:\/\/destempspoursoi.com\/index.php\/wp-json\/wp\/v2\/users\/1"}],"replies":[{"embeddable":true,"href":"https:\/\/destempspoursoi.com\/index.php\/wp-json\/wp\/v2\/comments?post=16"}],"version-history":[{"count":4,"href":"https:\/\/destempspoursoi.com\/index.php\/wp-json\/wp\/v2\/pages\/16\/revisions"}],"predecessor-version":[{"id":335,"href":"https:\/\/destempspoursoi.com\/index.php\/wp-json\/wp\/v2\/pages\/16\/revisions\/335"}],"wp:attachment":[{"href":"https:\/\/destempspoursoi.com\/index.php\/wp-json\/wp\/v2\/media?parent=16"}],"curies":[{"name":"wp","href":"https:\/\/api.w.org\/{rel}","templated":true}]}}